{"id":17,"date":"2024-03-31T14:28:40","date_gmt":"2024-03-31T14:28:40","guid":{"rendered":"https:\/\/facetterad.net\/jazz\/?page_id=17"},"modified":"2024-04-03T09:49:02","modified_gmt":"2024-04-03T09:49:02","slug":"home","status":"publish","type":"page","link":"https:\/\/facetterad.net\/jazz\/","title":{"rendered":"58 jazzartiklar &#8211; gratis ebok"},"content":{"rendered":"\n<p class=\"has-large-font-size\"><\/p>\n\n\n\n<div class=\"wp-block-cover alignfull is-light hestia-clear-top-padding\"><span aria-hidden=\"true\" class=\"wp-block-cover__background has-white-background-color has-background-dim-100 has-background-dim\"><\/span><div class=\"wp-block-cover__inner-container is-layout-flow wp-block-cover-is-layout-flow\">\n<div class=\"wp-block-columns is-layout-flex wp-container-core-columns-is-layout-9d6595d7 wp-block-columns-is-layout-flex\">\n<div class=\"wp-block-column is-layout-flow wp-block-column-is-layout-flow\" style=\"flex-basis:100%\">\n<div class=\"wp-block-group has-medium-font-size\"><div class=\"wp-block-group__inner-container is-layout-constrained wp-block-group-is-layout-constrained\">\n<p class=\"has-large-font-size\">58 jazzartiklar &#8211; gratis ebok<\/p><br>\n250 sidor jazz. Artiklar tidigare publicerade i OrkesterJournalen, Sonic, Lira, Gaffa, Flamman och Syre. \n<br><br>\nIntervjuer med Yazz Ahmed, Charlotta Andersson, Matilda Andersson, Iris Bergcrantz, Elsa Bergman, Daniel Boyacioglu, Vilhelm Bromander, Cats And Dinosaurs, Signe Emmeluth, Elin Forkelid, Mary Halvorson, Isak Hedtj\u00e4rn, Merit Hemmingson, Shabaka Hutchings, Kristina Issa, Per Texas Johansson, Cassie Kinoshi, Julie Kj\u00e6r, Mathias Land\u00e6us, Ingrid Laubrock, Anna Lund, Joe McPhee, Nicole Mitchell, Angelika Niescier, Cornelia Nilsson, Karl Olandersson, Pombo, Mette Rasmussen, Georg Riedel, Eve Risser, Matilda Rolfsson, Susana Santos Silva, Nadah El Shazly, Sirintip, Wadada Leo Smith, Stockholm Swingkollektiv, Julia Strzalek, Svante Thuresson, Rebecka T\u00f6rnqvist, Biggi Vinkeloe, Anna Webber, Malin W\u00e4ttring, Alex Zethson, Torbj\u00f6rn Zetterberg och Liselotte \u00d6stblom.<br><br>\n\nArtiklar om Beyond The Notes, Glenn Miller Caf\u00e9, Billie Holiday, Jam, Jazz f\u00f6r barn, Jazz Herstory, Jazztecknare, Jazz ArtDur och Sydafrikansk jazz.\n<\/div><\/div>\n<\/div>\n<\/div>\n\n\n\n<div class=\"wp-block-group\"><div class=\"wp-block-group__inner-container is-layout-constrained wp-block-group-is-layout-constrained\"><\/div><\/div>\n\n\n\n<a href=\"https:\/\/facetterad.net\/jazz\/wp-content\/uploads\/2024\/03\/58jazzartiklar.pdf\"><p class=\"has-large-font-size\"><img loading=\"lazy\" decoding=\"async\" width=\"50\" height=\"63\" class=\"wp-image-47\" style=\"width: 50px;\" src=\"http:\/\/facetterad.net\/jazz\/wp-content\/uploads\/2024\/03\/pdf.jpg\" alt=\"\" border=0><\/a> <a href=\"https:\/\/facetterad.net\/jazz\/wp-content\/uploads\/2024\/03\/58jazzartiklar.pdf\"><strong>Ladda ner boken h\u00e4r<\/strong><\/a><\/p>\n<\/div><\/div>\n\n\n\n<div class=\"wp-block-columns container is-layout-flex wp-container-core-columns-is-layout-9d6595d7 wp-block-columns-is-layout-flex\">\n<div class=\"wp-block-column col-md-5 is-layout-flow wp-block-column-is-layout-flow\">\n<div style=\"height:55px\" aria-hidden=\"true\" class=\"wp-block-spacer\"><\/div>\n\n\n\n<p><\/p>\n<\/div>\n\n\n\n<div class=\"wp-block-column col-md-6 col-md-offset1 is-layout-flow wp-block-column-is-layout-flow\">\n<div style=\"height:55px\" aria-hidden=\"true\" class=\"wp-block-spacer\"><\/div>\n\n\n\n<p><\/p>\n<\/div>\n<\/div>\n\n\n\n<h1>L\u00e4s boken digitalt h\u00e4r<\/h1><br><br>\n\n<div style=\"position:relative;padding-top:max(60%,324px);width:100%;height:0;\"><iframe style=\"position:absolute;border:none;width:100%;height:100%;left:0;top:0;\" src=\"https:\/\/online.fliphtml5.com\/erwhj\/vued\/\"  seamless=\"seamless\" scrolling=\"no\" frameborder=\"0\" allowtransparency=\"true\" allowfullscreen=\"true\" ><\/iframe><\/div>\n","protected":false},"excerpt":{"rendered":"<p>L\u00e4s boken digitalt h\u00e4r<\/p>\n","protected":false},"author":1,"featured_media":9,"parent":0,"menu_order":0,"comment_status":"closed","ping_status":"closed","template":"","meta":{"footnotes":""},"class_list":["post-17","page","type-page","status-publish","has-post-thumbnail","hentry"],"jetpack_sharing_enabled":true,"_links":{"self":[{"href":"https:\/\/facetterad.net\/jazz\/wp-json\/wp\/v2\/pages\/17","targetHints":{"allow":["GET"]}}],"collection":[{"href":"https:\/\/facetterad.net\/jazz\/wp-json\/wp\/v2\/pages"}],"about":[{"href":"https:\/\/facetterad.net\/jazz\/wp-json\/wp\/v2\/types\/page"}],"author":[{"embeddable":true,"href":"https:\/\/facetterad.net\/jazz\/wp-json\/wp\/v2\/users\/1"}],"replies":[{"embeddable":true,"href":"https:\/\/facetterad.net\/jazz\/wp-json\/wp\/v2\/comments?post=17"}],"version-history":[{"count":26,"href":"https:\/\/facetterad.net\/jazz\/wp-json\/wp\/v2\/pages\/17\/revisions"}],"predecessor-version":[{"id":83,"href":"https:\/\/facetterad.net\/jazz\/wp-json\/wp\/v2\/pages\/17\/revisions\/83"}],"wp:featuredmedia":[{"embeddable":true,"href":"https:\/\/facetterad.net\/jazz\/wp-json\/wp\/v2\/media\/9"}],"wp:attachment":[{"href":"https:\/\/facetterad.net\/jazz\/wp-json\/wp\/v2\/media?parent=17"}],"curies":[{"name":"wp","href":"https:\/\/api.w.org\/{rel}","templated":true}]}}