{"id":4,"date":"2016-03-10T14:06:21","date_gmt":"2016-03-10T14:06:21","guid":{"rendered":"http:\/\/facetterad.net\/johan\/?page_id=4"},"modified":"2026-04-16T15:30:29","modified_gmt":"2026-04-16T15:30:29","slug":"johan","status":"publish","type":"page","link":"https:\/\/facetterad.net\/johan\/","title":{"rendered":""},"content":{"rendered":"\n<div align=\"center\">\n<p><a href=\"mailto:johan.jacobsson@gmail.com\">johan.jacobsson@gmail.com<\/a><\/p>\n<p>073-627 89 59<\/p>\n<p>Innehar F-skattesedel<\/p>\n<h4><b>CV (utdrag)<\/b><\/h4>\n<p>Frilansskribent, <a href=\"http:\/\/sv.wikipedia.org\/wiki\/Pop_%28tidskrift%29\" target=\"_blank\" rel=\"noopener noreferrer\">Pop<\/a><br>1996-1999<\/p>\n<p>Skribent\/frilansskribent, <a href=\"http:\/\/www.sonicmagazine.com\" target=\"_blank\" rel=\"noopener noreferrer\">Sonic<\/a> (och sonicmagazine.com)<br>2000-<\/p>\n<p>Redakt\u00f6r, <a href=\"http:\/\/www.sonicmagazine.com\" target=\"_blank\" rel=\"noopener noreferrer\">Sonic<\/a><br>2001-2009<\/p>\n<p>Reporter, <a href=\"http:\/\/smdb.kb.se\/catalog\/search?q=%22this+is+our+music%22+typ%3Atv&amp;x=16&amp;y=18\" target=\"_blank\" rel=\"noopener noreferrer\">This Is Our Music<\/a><br>2003-2006<\/p>\n<p>Bloggare, <a href=\"http:\/\/web.archive.org\/web\/20061005144931\/bomben.se\/otherwise\/\" target=\"_blank\" rel=\"noopener noreferrer\">Bomben<\/a> <small><i>(Wayback Machine-l\u00e4nk)<\/i><\/small><br>maj 2004-februari 2005<\/p>\n<p>Redakt\u00f6r, <a href=\"http:\/\/www.closeupmagazine.net\/\" target=\"_blank\" rel=\"noopener noreferrer\">Close-Up<\/a><br>2010-2015<\/p>\n<p>Skribent, <a href=\"http:\/\/www.closeupmagazine.net\/\" target=\"_blank\" rel=\"noopener noreferrer\">Close-Up<\/a><br>2010-2015<\/p>\n<p>Frilansskribent, <a href=\"http:\/\/www.egmont.com\/se\/varumarken\/Magasiner-Teens-15\/Rocky\/\" target=\"_blank\" rel=\"noopener noreferrer\">Rocky<\/a><br>2010-2013<\/p>\n<p>Frilansskribent, <a href=\"http:\/\/www.hogarthww.com\/\" target=\"_blank\" rel=\"noopener noreferrer\">Hogarth Worldwide Limited<\/a><br>2015-2016<\/p>\n<p>Frilansskribent, <a href=\"http:\/\/www.orkesterjournalen.com\/\">OrkesterJournalen<\/a><br>2015-2020<br>(2024 samlade jag mina b\u00e4sta jazzartiklar i eboken <em>58 jazzartiklar<\/em>. <a href=\"https:\/\/facetterad.net\/jazz\/\">Ladda ner den gratis h\u00e4r!<\/a>)<\/p>\n<p>Webbredakt\u00f6r, <a href=\"http:\/\/www.orkesterjournalen.com\/\">OrkesterJournalen<\/a><br>2016-2020<\/p>\n<h4><b>Har skrivit f\u00f6r f\u00f6ljande<br>tidningar<\/b><\/h4>\n<p>Allt om Hobby, Allt om Whisky, Arbetaren, Benno, Cirkeln, Close-Up, Effekt, Flamman, FLM, Gaffa, Gaudeamus, c\/o Hops, HYMN, Kattliv, KLASS, Konstn\u00e4ren, Lira, Loyal Magazine, MiniatyrV\u00e4rlden, Modellj\u00e4rnv\u00e4gsmagasinet, Ondskan, OrkesterJournalen, Plattform, Pop, Rocky, Sonic, Shindig!, Stick, Stockholms Fria, &#8216;SUP Magazine, Syre och Tecknaren.<\/p>\n<h4><b>Har skrivit f\u00f6ljande b\u00f6cker<\/b><\/h4>\n<p>Maria Sandels efterm\u00e4le (Oktoberf\u00f6rlaget, 2025). (K\u00f6p den p\u00e5 <a href=\"https:\/\/oktoberforlaget.se\/produkt\/maria-sandels-eftermale\/\">Oktoberf\u00f6rlaget<\/a>, <a href=\"https:\/\/www.adlibris.com\/se\/bok\/maria-sandels-eftermale-9789198993783\">Adlibris<\/a> eller <a href=\"https:\/\/www.bokus.com\/bok\/9789198993783\/maria-sandels-eftermale\/\">Bokus<\/a>.)<\/br><\/br>\nMokira: Cliphop (Substans, 2025). (K\u00f6p den p\u00e5 <a href=\"https:\/\/www.adlibris.com\/sv\/bok\/mokira-cliphop-9789198542387\">Adlibris<\/a> eller <a href=\"https:\/\/www.bokus.com\/bok\/9789198542387\/mokira-cliphop\/\">Bokus<\/a>.)<\/p>\n<h4><b>Har skrivit pressreleaser eller linernotes f\u00f6r f\u00f6ljande artister<\/b><\/h4>\n<p>Mats Bj\u00f6rk, Bolywool, By Coastal Caf\u00e9, Matti Bye, DJINN, Nicolai Dunger, Albert af Ekenstam, Elin Franz\u00e9n, Maja G\u00f6dicke, The Hanged Man, Anna von Hausswolff, Xenia Krisiin, Eric Malmberg, Molnet, Munnen, Nils Pilerot, Pistol Disco, Queens, Silverarken, The State of Samuel, Stockholm Improvisers Orchestra, Strawberry Fair, Pelle Westlin och Patrycja Wiktoria.<\/p>\n<h4><b>Har skrivit affischer f\u00f6r f\u00f6ljande f\u00f6retag<\/b><\/h4>\n<p>Badger Books and Arts och Mother Events.<\/p>\n<h4><b>\u00c4r publicerad i f\u00f6ljande antologier<\/b><\/h4>\n<p>Nya Collage (Bonniers juniorf\u00f6rlag, 1993)<br><i>Mitt bidrag &#8211; \u00bbOm vikten av att inte ha manchesterbrallor\u00ab &#8211; g\u00e5r att l\u00e4sa <a href=\"http:\/\/sonicmagazine.com\/index.php?option=com_content&amp;task=view&amp;id=194&amp;Itemid=120\" target=\"_blank\" rel=\"noopener noreferrer\">h\u00e4r<\/a>.<\/i><\/p>\n<p>Trender \u00e4r galna: Kr\u00f6nikor fr\u00e5n sonicmagazine.com 2001-2003 (Sonic, 2004)<\/p>\n<p>Digfi: Mix &#8211; De 100 B\u00e4sta Albumen 2000-2004 (Digfi, 2004)<\/p>\n<p>Fanzinerad (Lystring, 2005)<\/p>\n<p>Kent: Texter om Sveriges st\u00f6rsta rockband (Sonic, 2008)<\/p>\n<p>Lista musik! (Substans, 2025)<\/p>\n<h4><b>Har varit bisittare i f\u00f6ljande podd<\/b><\/h4>\n<p>Johan hittar ett lag. (Lyssna p\u00e5 den <a href=\"https:\/\/facetterad.net\/jhel\/\" target=\"_blank\">h\u00e4r<\/a> eller i din favoritpoddapp.)<\/p>\n<h4><b>Arbetsprover<\/b><\/h4>\n<p><a href=\"https:\/\/gaffa.e-pages.pub\/titles\/gaffa\/9521\/publications\/755\/pages\/26\" target=\"_blank\" rel=\"noopener noreferrer\">Special: Skivomslag &#8211; Konst f\u00f6r alla<\/a> (Gaffa, augusti, 2020)<\/p>\n<p><a href=\"https:\/\/www.arbetaren.se\/2020\/06\/24\/att-do-for-en-i-phone\/\" target=\"_blank\" rel=\"noopener noreferrer\">Att d\u00f6 f\u00f6r en i-Phone<\/a> (Arbetaren, 24 juni, 2020) <\/p>\n<p>Alla mina artiklar i <a href=\"https:\/\/www.arbetaren.se\/author\/johanjohna\/\" target=\"_blank\" rel=\"noopener noreferrer\">Arbetaren<\/a>.<\/p>\n<p>Alla mina artiklar i <a href=\"https:\/\/gaffa.se\/user-articles\/203964\" target=\"_blank\" rel=\"noopener noreferrer\">Gaffa<\/a>.<\/p>\n<p>Alla mina artiklar p\u00e5 <a href=\"http:\/\/sonicmagazine.com\/author\/johan\/\" target=\"_blank\" rel=\"noopener noreferrer\">sonicmagazine.com<\/a>.<\/p>\n<p>Fler arbetsprover \u00e5terfinns i <a href=\"http:\/\/facetterad.net\/blog\">min blogg<\/a>.<\/p>\n<h4><b>L\u00e4nkar<\/b><\/h4>\n<p><a href=\"https:\/\/www.facebook.com\/johan.jacobsson\" target=\"_blank\" rel=\"noopener noreferrer\">Facebook<\/a><\/p>\n<p><a href=\"http:\/\/www.linkedin.com\/in\/jjacobsson\" target=\"_blank\" rel=\"noopener noreferrer\">LinkedIn<\/a><\/p>\n<\/div>\n","protected":false},"excerpt":{"rendered":"<p>johan.jacobsson@gmail.com 073-627 89 59 Innehar F-skattesedel CV (utdrag) Frilansskribent, Pop1996-1999 Skribent\/frilansskribent, Sonic (och sonicmagazine.com)2000- Redakt\u00f6r, Sonic2001-2009 Reporter, This Is Our Music2003-2006 Bloggare, Bomben (Wayback Machine-l\u00e4nk)maj 2004-februari 2005 Redakt\u00f6r, Close-Up2010-2015 Skribent, Close-Up2010-2015 Frilansskribent, Rocky2010-2013 Frilansskribent, Hogarth Worldwide Limited2015-2016 Frilansskribent, OrkesterJournalen2015-2020(2024 samlade jag mina b\u00e4sta jazzartiklar i eboken 58 jazzartiklar. Ladda ner den gratis h\u00e4r!) Webbredakt\u00f6r, OrkesterJournalen2016-2020 <a class=\"read-more\" href=\"https:\/\/facetterad.net\/johan\/\">&hellip;&nbsp;<span class=\"meta-nav\">&rarr;<\/span><\/a><\/p>\n","protected":false},"author":1,"featured_media":0,"parent":0,"menu_order":0,"comment_status":"closed","ping_status":"closed","template":"","meta":{"footnotes":""},"class_list":["post-4","page","type-page","status-publish","hentry"],"_links":{"self":[{"href":"https:\/\/facetterad.net\/johan\/wp-json\/wp\/v2\/pages\/4","targetHints":{"allow":["GET"]}}],"collection":[{"href":"https:\/\/facetterad.net\/johan\/wp-json\/wp\/v2\/pages"}],"about":[{"href":"https:\/\/facetterad.net\/johan\/wp-json\/wp\/v2\/types\/page"}],"author":[{"embeddable":true,"href":"https:\/\/facetterad.net\/johan\/wp-json\/wp\/v2\/users\/1"}],"replies":[{"embeddable":true,"href":"https:\/\/facetterad.net\/johan\/wp-json\/wp\/v2\/comments?post=4"}],"version-history":[{"count":74,"href":"https:\/\/facetterad.net\/johan\/wp-json\/wp\/v2\/pages\/4\/revisions"}],"predecessor-version":[{"id":131,"href":"https:\/\/facetterad.net\/johan\/wp-json\/wp\/v2\/pages\/4\/revisions\/131"}],"wp:attachment":[{"href":"https:\/\/facetterad.net\/johan\/wp-json\/wp\/v2\/media?parent=4"}],"curies":[{"name":"wp","href":"https:\/\/api.w.org\/{rel}","templated":true}]}}